be the first derivative of -a**4/4 + 3*a**3 - 7*a**2/2 - a - 2. Suppose -99*u = -104*u + 15. Let r be ((-20)/(-4) + u)*1. Give h(r).
7
Let h(q) = -1181 + 1181 + q. What is h(-1)?
-1
Let n(m) = m - 3. Let c be n(1). Let t(f) be the second derivative of -f**4/12 + f**2 - 3*f. Give t(c).
-2
Let f(m) = m + 3. Suppose 2*a + 0 = 6. Suppose -5*u - 20 = -9*u. Suppose 6*x = 3*x + a*g - 12, -5*g - 10 = u*x. Determine f(x).
0
Suppose 7*q = 54 - 152. Let f(t) = -t**2 - 12*t + 35. What is f(q)?
7
Let z(w) = -4*w**2 - 15*w. Let l(m) = 17*m**2 + 65*m. Let d(q) = 6*l(q) + 26*z(q). Give d(-1).
-2
Let u be 0/(-2) + -7 + 3. Let z be ((-4)/(-12))/(u/(-24)). Let x(f) = 2*f**3 - f + 7 + 3*f**z - 4 - f**3 + 5*f. Determine x(-2).
-1
Let o(l) be the first derivative of 25*l**2/2 - 9*l - 8. Let y be ((-57)/(-6) + -1)*-6. Let c(x) = -3*x + 1. Let t(z) = y*c(z) - 6*o(z). Give t(-4).
-9
Let a(t) be the second derivative of 0 + 3/2*t**3 - t**2 - 13*t. Calculate a(2).
16
Suppose -6*q + 15 = -q. Suppose 5*a + 17 = 5*u + 8*a, -4*u + 2*a = -18. Let c(z) = -1 - z**q - 1 + 0*z - 3*z + u*z. Give c(-2).
4
Let l = -286 - -280. Let m(s) = s + 10. What is m(l)?
4
Let a(v) = 3*v. Let q(o) = o**3 + 6*o**2 - 6*o + 4. Suppose -4*x + 14 = -6*x. Let c be q(x). Calculate a(c).
-9
Suppose -4*o + s = -12, o + 4 = 3*o - s. Let d(p) = 51*p**2 - p - 1. Let b be d(-1). Let c(u) = -47 - u - u + b. What is c(o)?
-4
Let k(v) = -v**2 - 5*v + 3. Suppose u + 14 = 4*w, 2*w + 5*u - 8 = -12. Give k(w).
-21
Let j(o) = o**2 - 2*o - 4. Suppose -8*h + 5*h - 30 = 0. Let u be ((-3)/(-9))/(h/(-150)). What is j(u)?
11
Suppose -24 = 5*d - 6*d. Suppose -a = 2*a - d. Let c(r) = 4*r + 1 + 5*r - a*r. Calculate c(-7).
-6
Let c(m) = 4*m**2 + 171*m - 32. Let f be c(-43). Let t(v) = -2*v + 6. Calculate t(f).
-16
Let a(f) be the third derivative of -8*f**2 + 1/6*f**4 - 1/60*f**5 + 1/6*f**3 + 0 + 0*f. Give a(5).
-4
Let j(l) = 6*l - 1. Let s(n) = -29*n - 4. Let z(v) = 5*j(v) + s(v). Give z(-4).
-13
Let t(q) = -q**3 + 18*q - 34. Let g be t(3). Let k(b) = b**3 + 6*b**2 - 7*b + 10. Determine k(g).
10
Let d(r) = r**2 - 5*r - 413. Let q be d(-18). Let v be 0/(0 + 1) - 1. Let f(a) = -a**2 - 2*a. Let m(l) = l**2. Let p(k) = v*f(k) - 2*m(k). What is p(q)?
1
Let h be ((-3)/2)/((-153)/(-714)). Let j(n) = -5*n - 21. Give j(h).
14
Let m(u) = -11 + 8 - 5 + 7 + 14*u. Give m(1).
13
Let o(x) = -3*x + 23. Let r be o(0). Let u = 28 - r. Let c(l) = -2*l - 3. Determine c(u).
-13
Let f(x) = -x**2 - 2*x - 5. Let l = 1202 + -1205. What is f(l)?
-8
Let m = 186 - 186. Let k(s) = -s**2 - s - 19. What is k(m)?
-19
Let l(s) = 4*s - 6. Let u(i) = -2*i + 3. Let p(z) = -2*l(z) - 5*u(z). Let r(b) = -6*b + 10. Let t(w) = -10*p(w) - 3*r(w). Calculate t(-2).
4
Let v(y) = y - 16. Suppose -18*t = 26*t. What is v(t)?
-16
Let s(m) = -m**3 - 4*m**2 - 5. Let g = 5 - 9. Let y be s(g). Let c(o) be the second derivative of -o**3/6 - o**2/2 - o - 10. What is c(y)?
4
Let x(d) = -9*d**2 - 4*d + 4. Let i be -3*1*(-25)/75. Calculate x(i).
-9
Suppose 3*w = 15, 3*h + w - 34 = -4*w. Suppose 0*i + 6 = h*o - i, 3*o + 3*i = -6. Let y(m) be the second derivative of m**5/10 + m**2/2 - 625*m. What is y(o)?
3
Let f(d) = 0*d**2 - 2*d**2 + 5*d - 13*d - 127 + 122. What is f(-5)?
-15
Let h(s) = s**3 - 4*s**2 + 4*s - 4. Let o(n) = -n**3 + 11*n**2 + 9*n + 39. Let r be o(12). Determine h(r).
-1
Let j(v) = -v**3 - 6*v**2 + 8*v + 8. Let a be (-217)/28 + 9/12. Give j(a).
1
Let h(t) be the third derivative of -1/120*t**6 + 1/6*t**3 + 0*t - 1/10*t**5 + 0 - 1/24*t**4 + 5*t**2. Give h(-6).
7
Let h(x) = -x**2 - 22*x + 9. Let p be h(-22). Let z be -9 - p/(15/(-5)). Let t(i) be the first derivative of i**4/4 + 7*i**3/3 + 4*i**2 + 6*i + 1. Give t(z).
-6
Let s(y) = 11*y**2 + y. Let k be s(1). Let i be (1 - -1)*k/2. Suppose 2*f - 4*p = -2*f - 4, 2*p = -3*f + i. Let x(h) = -h**2 + h - 2. Calculate x(f).
-4
Let n(l) be the second derivative of -l**4/12 - 2*l**3/3 + 3*l**2/2 + l. Let p = -6 + 13. Let m(c) = c**3 - 7*c**2 - 2*c + 10. Let v be m(p). What is n(v)?
3
Let s(h) be the third derivative of 23*h**2 - 1/24*h**4 + 0 - 1/2*h**3 + 0*h. What is s(0)?
-3
Let p(n) = -2*n**2 + 6*n - 9. Let x = 2776 + -2774. Give p(x).
-5
Let k(c) = -210 + 82 + c + 81 + 75 + c**3. Calculate k(0).
28
Let a = 15 - 22. Let f(b) = -3*b**3 + 21*b**2 + 19*b + 7. Let x(w) = -w**3 + 10*w**2 + 9*w + 4. Let h(p) = -2*f(p) + 5*x(p). Give h(a).
6
Let x = -4 + 3. Let b(g) = 1. Let j(q) = -5*q - 2. Let d be (-10)/(-3)*((-135)/(-10))/(-9). Let h(p) = d*b(p) + x*j(p). Give h(-3).
-18
Let y be ((-276)/(-161))/(4/14). Let q(f) = -f**3 + 6*f**2 - 4. Calculate q(y).
-4
Let k(g) be the second derivative of g**2/2 - 23*g. Let w(n) = n**2 + 3*n + 1. Let d(x) = -2*k(x) - w(x). What is d(-6)?
-21
Let p(v) be the first derivative of v**6/120 + v**5/10 + v**4/4 + v**3/3 - 5*v**2/2 + 4. Let f(d) be the second derivative of p(d). Give f(-5).
-3
Let n(v) = 2*v**2 - 6*v**3 + 0 - v**2 - 1. Let r(t) = -t**2 + 9*t + 35. Let c be r(12). Determine n(c).
6
Let h = -25 - -27. Let x(n) = -195*n**h - 2 + 2*n + n**3 + 190*n**2 + 6. Let l(g) = -g**3 + 5*g**2 + 6*g + 3. Let c be l(6). Determine x(c).
-8
Suppose h - 9 = -a - 0*a, 0 = -4*a - 12. Let s(c) = 8*c - 2 - h*c + 10*c. Give s(2).
10
Let p(d) = 2*d**3 - d**2 - 2*d + 3. Let t be p(2). Let n(z) = 5*z**2 - 19*z**2 - t + 8 + 4 + z. Suppose 2*h - 2*b + 5 = b, -3*b - 2 = 5*h. Calculate n(h).
-14
Let v(u) be the second derivative of -u**4/4 - u**3/6 - u**2/2 - u. Let k(f) = -f**3 - 3*f**2 + 17*f - 7. Let r be k(-6). Calculate v(r).
-3
Let o(v) = -v + 1. Let n be (-4)/(-10) - 35/25. What is o(n)?
2
Let u(y) = 0*y**3 + y**3 + 79*y - 82*y + 2 + 2*y**2 - y**2. Determine u(2).
8
Let b(q) be the third derivative of q**5/60 + q**3/6 + 4*q**2. Let i = -10 + 11. Give b(i).
2
Let g(n) be the second derivative of 3/2*n**2 + 2*n - 1/2*n**3 + 0. What is g(3)?
-6
Let z(g) = 2*g**2 - 6*g + 5. Let p(q) = -7*q - 19*q**3 - 2 + 3*q**2 + 2*q**2 + 38*q**3 - 18*q**3. Let y be p(-6). What is z(y)?
13
Suppose 4*s - 4*i = -24, 0 = -s - i - 0*i. Let b(y) = y + 4. Let o(a) = -1. Let m(d) = s*o(d) - b(d). Determine m(-1).
0
Let m = 19 + -22. Let g be ((-1)/m)/(16/192). Suppose -5*b + g = 19. Let a(k) = -2*k**2 - 3*k + 3. Determine a(b).
-6
Let m(n) = n**3 + 2*n**2 - 7*n - 11. Let t be m(-4). Let x(l) = l**3 + 14*l**2 - 15*l - 3. Give x(t).
-3
Let o(c) = 3*c - 10. Suppose 6*t - 18 = -6. Let z be o(t). Let p(v) = v**2 + 4*v - 1. What is p(z)?
-1
Suppose 5*t - 20 = -5*j, -4*j + 17 = 4*t - j. Let u = -10 + t. Let c(w) = -w**2 - 10*w - 4. Let i(b) = -b + 1. Let k(z) = -c(z) + 2*i(z). Calculate k(u).
-9
Let k(s) = 4*s**2 - 2*s + 1. Let v be k(1). Let h(w) = 2*w**2 - 2*w - 1. Let g be h(-1). Let d(i) = i**2 + 133*i - 135*i + 0*i**2 - g. Give d(v).
0
Let h(t) = t**2 + 4*t + 6. Let f be h(-2). Let m(x) = -x + x**f - 5*x + 5*x + 6 - 6*x. Give m(8).
14
Suppose -247*h + 6 = -253*h. Let m(w) = 19*w + 1. Give m(h).
-18
Suppose 4*g = -u - 11, -4*u - 1 + 22 = 3*g. Let o(d) = -d + 14. What is o(u)?
5
Suppose 5*f = 3*f + 5*f. Let m(j) = 0*j + 3*j - 2 - 4*j + f*j. Give m(-4).
2
Let l(a) = -3*a - 4. Let o(k) = 10*k + 11. Let m(q) = 11*l(q) + 4*o(q). Let s(j) = -j**3 + 12*j**2 - 13*j + 9. Let v be s(11). Let b = v - -16. Calculate m(b).
21
Let g(i) = -2*i**2 - 23*i - 13. Let b be g(-11). Let y(f) = -f**2 + 3*f + 6. What is y(b)?
-4
Let j(u) = -u + 2. Suppose 46*g + 168 = 34*g. What is j(g)?
16
Let t(y) = y. Let u(o) = -7*o - 5. Let j = -1 + 5. Suppose -k = j*k + 30. Let z(b) = k*t(b) - u(b). Determine z(0).
5
Let d(v) = 4*v**2 - 1. Let t(m) = -m**2 + 8*m - 6. Let h be t(1). Calculate d(h).
3
Let v(l) = -2*l**2 + 7*l - 25. Let r(q) = q**2 - 3*q + 11. Let z(s) = -9*r(s) - 4*v(s). Determine z(4).
-19
Let t(o) = 3*o**3 + o**2 - 2*o - 2. Let f = 97 + -93. Suppose -a + k + 3 = 0, -f*k = 9 + 11. Determine t(a).
-18
Let s(p) = 68*p - 8 + 2 - 74*p. Determine s(2).
-18
Let f(h) be the third derivative of -h**7/840 - h**6/120 - h**5/40 - h**4/12 + 2*h**3/3 - 3*h**2. Let s(t) be the first derivative of f(t). Calculate s(-2).
0
Let g(c) = c**3 - 3 - 12*c**3 + 5*c**2 + 10*c**3. Let p = -6 - -11. Give g(p).
-3
Let k(g) = -4*g - 6. Let y be k(-3). Let i(q) = q**2 - 14*q + 5*q + 2 + y*q. Give i(2).
0
Let f(q) = -61*q - 3. Let m(g) = 49*g + 3. Let k(j) = -4*f(j) - 5*m(j). What